{"id":145,"date":"2013-04-15T14:16:12","date_gmt":"2013-04-15T14:16:12","guid":{"rendered":"http:\/\/www.nutriprove.cl\/?page_id=145"},"modified":"2022-12-26T11:41:09","modified_gmt":"2022-12-26T15:41:09","slug":"equipo","status":"publish","type":"page","link":"https:\/\/www.nutriprove.cl\/?page_id=145","title":{"rendered":"Equipo"},"content":{"rendered":"<h1>Nosotros: Equipo<\/h1>\n<p><img decoding=\"async\" loading=\"lazy\" src-thumbnail=\"http:\/\/www.nutriprove.cl\/wp-content\/uploads\/nosotros-equipo-01-150x150.jpg\" src-medium=\"http:\/\/www.nutriprove.cl\/wp-content\/uploads\/nosotros-equipo-01-300x225.jpg\" src-large=\"http:\/\/www.nutriprove.cl\/wp-content\/uploads\/nosotros-equipo-01.jpg\" src-full=\"http:\/\/www.nutriprove.cl\/wp-content\/uploads\/nosotros-equipo-01.jpg\" src=\"http:\/\/www.nutriprove.cl\/wp-content\/uploads\/nosotros-equipo-01.jpg\" alt=\"nosotros-equipo-01\" title=\"\" class=\"alignright size-full wp-image-373\" width=\"400\" height=\"300\" srcset=\"https:\/\/www.nutriprove.cl\/wp-content\/uploads\/nosotros-equipo-01.jpg 400w, https:\/\/www.nutriprove.cl\/wp-content\/uploads\/nosotros-equipo-01-300x225.jpg 300w\" sizes=\"(max-width: 400px) 100vw, 400px\" \/><\/p>\n<p><strong>Mario Guerrero M\u00e9ndez:<\/strong><\/p>\n<p><img decoding=\"async\" loading=\"lazy\" src-thumbnail=\"http:\/\/www.nutriprove.cl\/wp-content\/uploads\/equipo-mario.jpg\" src-medium=\"http:\/\/www.nutriprove.cl\/wp-content\/uploads\/equipo-mario.jpg\" src-large=\"http:\/\/www.nutriprove.cl\/wp-content\/uploads\/equipo-mario.jpg\" src-full=\"http:\/\/www.nutriprove.cl\/wp-content\/uploads\/equipo-mario.jpg\" src=\"http:\/\/www.nutriprove.cl\/wp-content\/uploads\/equipo-mario.jpg\" alt=\"equipo-mario\" title=\"\" class=\"alignnone size-full wp-image-669\" width=\"150\" height=\"150\"><\/p>\n<p>Ingeniero Agr\u00f3nomo (Universidad de Talca).<br \/>\nEspecialista en Viticultura y Enolog\u00eda (Universidad de Chile).<br \/>\nEspecialista en Nutrici\u00f3n Vegetal (Universidad de Concepci\u00f3n).<br \/>\nMBA Marketing y Administraci\u00f3n Estrat\u00e9gica (Universidad de Belgrano).<br \/>\nCreador y desarrollador de productos fertilizantes y protectores vegetales.<br \/>\nE-mail: <a href=\"mailto:guerrero@nutriprove.com\">guerrero@nutriprove.com<\/a><br \/>\nTel\u00e9fono: +569-63626913<br \/>\nSkype: mario.guerrero50<\/p>\n<p><img decoding=\"async\" loading=\"lazy\" src-thumbnail=\"http:\/\/www.nutriprove.cl\/wp-content\/uploads\/nosotros-equipo-02-150x150.jpg\" src-medium=\"http:\/\/www.nutriprove.cl\/wp-content\/uploads\/nosotros-equipo-02-300x244.jpg\" src-large=\"http:\/\/www.nutriprove.cl\/wp-content\/uploads\/nosotros-equipo-02.jpg\" src-full=\"http:\/\/www.nutriprove.cl\/wp-content\/uploads\/nosotros-equipo-02.jpg\" src=\"http:\/\/www.nutriprove.cl\/wp-content\/uploads\/nosotros-equipo-02.jpg\" alt=\"nosotros-equipo-02\" title=\"\" class=\"alignright size-full wp-image-682\" width=\"400\" height=\"326\" srcset=\"https:\/\/www.nutriprove.cl\/wp-content\/uploads\/nosotros-equipo-02.jpg 400w, https:\/\/www.nutriprove.cl\/wp-content\/uploads\/nosotros-equipo-02-300x244.jpg 300w\" sizes=\"(max-width: 400px) 100vw, 400px\" \/><\/p>\n<p><strong>Werner Frigerio Moya:<\/strong><\/p>\n<p><img decoding=\"async\" loading=\"lazy\" src-thumbnail=\"http:\/\/www.nutriprove.cl\/wp-content\/uploads\/equipo-werner.jpg\" src-medium=\"http:\/\/www.nutriprove.cl\/wp-content\/uploads\/equipo-werner.jpg\" src-large=\"http:\/\/www.nutriprove.cl\/wp-content\/uploads\/equipo-werner.jpg\" src-full=\"http:\/\/www.nutriprove.cl\/wp-content\/uploads\/equipo-werner.jpg\" src=\"http:\/\/www.nutriprove.cl\/wp-content\/uploads\/equipo-werner.jpg\" alt=\"equipo-werner\" title=\"\" class=\"alignnone size-full wp-image-430\" width=\"150\" height=\"150\"><\/p>\n<p>Ingeniero Civil Qu\u00edmico (Universidad de Chile).<br \/>\nEspecialista en Minerales no met\u00e1licos su procesamiento.<br \/>\nE-mail: <a href=\"mailto:wfrigerio@nutriprove.com\">wfrigerio@nutriprove.com<\/a><br \/>\nSkype: werner.frigerio50<\/p>\n<p><strong>Hermann Frigerio Tisi:<\/strong><\/p>\n<p><img decoding=\"async\" loading=\"lazy\" src-thumbnail=\"http:\/\/www.nutriprove.cl\/wp-content\/uploads\/equipo-hermann.jpg\" src-medium=\"http:\/\/www.nutriprove.cl\/wp-content\/uploads\/equipo-hermann.jpg\" src-large=\"http:\/\/www.nutriprove.cl\/wp-content\/uploads\/equipo-hermann.jpg\" src-full=\"http:\/\/www.nutriprove.cl\/wp-content\/uploads\/equipo-hermann.jpg\" src=\"http:\/\/www.nutriprove.cl\/wp-content\/uploads\/WhatsApp-Image-2022-12-26-at-12.29.45-150x150.jpeg\" alt=\"\" class=\"alignnone wp-image-2342 size-thumbnail\" width=\"150\" height=\"150\"><\/p>\n<p>Gerente de Producci\u00f3n.<br \/>\nE-mail: <a href=\"mailto:hfrigerio@nutriprove.com\">hfrigerio@nutriprove.com<\/a><br \/>\nTel\u00e9fono: +569-86714698<br \/>\nSkype: hermann.frigerio50<\/p>\n","protected":false},"excerpt":{"rendered":"<p>Nosotros: Equipo Mario Guerrero M\u00e9ndez: Ingeniero Agr\u00f3nomo (Universidad de Talca). Especialista en Viticultura y Enolog\u00eda (Universidad de Chile). Especialista en Nutrici\u00f3n Vegetal (Universidad de Concepci\u00f3n). MBA Marketing y Administraci\u00f3n Estrat\u00e9gica (Universidad de Belgrano). Creador y desarrollador de productos fertilizantes y &hellip; <a href=\"https:\/\/www.nutriprove.cl\/?page_id=145\">Continue reading <span class=\"meta-nav\">&rarr;<\/span><\/a><\/p>\n","protected":false},"author":2,"featured_media":0,"parent":81,"menu_order":1,"comment_status":"open","ping_status":"open","template":"onecolumn-page.php","meta":{"ngg_post_thumbnail":0,"footnotes":""},"_links":{"self":[{"href":"https:\/\/www.nutriprove.cl\/index.php?rest_route=\/wp\/v2\/pages\/145"}],"collection":[{"href":"https:\/\/www.nutriprove.cl\/index.php?rest_route=\/wp\/v2\/pages"}],"about":[{"href":"https:\/\/www.nutriprove.cl\/index.php?rest_route=\/wp\/v2\/types\/page"}],"author":[{"embeddable":true,"href":"https:\/\/www.nutriprove.cl\/index.php?rest_route=\/wp\/v2\/users\/2"}],"replies":[{"embeddable":true,"href":"https:\/\/www.nutriprove.cl\/index.php?rest_route=%2Fwp%2Fv2%2Fcomments&post=145"}],"version-history":[{"count":4,"href":"https:\/\/www.nutriprove.cl\/index.php?rest_route=\/wp\/v2\/pages\/145\/revisions"}],"predecessor-version":[{"id":2349,"href":"https:\/\/www.nutriprove.cl\/index.php?rest_route=\/wp\/v2\/pages\/145\/revisions\/2349"}],"up":[{"embeddable":true,"href":"https:\/\/www.nutriprove.cl\/index.php?rest_route=\/wp\/v2\/pages\/81"}],"wp:attachment":[{"href":"https:\/\/www.nutriprove.cl\/index.php?rest_route=%2Fwp%2Fv2%2Fmedia&parent=145"}],"curies":[{"name":"wp","href":"https:\/\/api.w.org\/{rel}","templated":true}]}}