{"id":1069,"date":"2014-06-30T00:37:08","date_gmt":"2014-06-30T04:37:08","guid":{"rendered":"http:\/\/www.nutriprove.cl\/?page_id=1069"},"modified":"2017-07-11T01:58:34","modified_gmt":"2017-07-11T05:58:34","slug":"prensa","status":"publish","type":"page","link":"https:\/\/www.nutriprove.cl\/?page_id=1069","title":{"rendered":"Prensa"},"content":{"rendered":"<p><b>Revista Fruticultura, Julio&nbsp;2017: Certeza<\/b>.<\/p>\n<p style=\"text-align: center;\"><iframe src=\"\/\/docs.google.com\/viewer?url=http%3A%2F%2Fwww.nutriprove.cl%2Fwp-content%2Fuploads%2FUIMM-Certeza-con-ajuste.pdf&hl=es&embedded=true\" class=\"gde-frame\" style=\"width:100%; height:500px; border: none;\" scrolling=\"no\"><\/iframe>\n<p class=\"gde-text\"><a href=\"http:\/\/www.nutriprove.cl\/wp-content\/uploads\/UIMM-Certeza-con-ajuste.pdf\" class=\"gde-link\">Descargar (PDF, Desconocido)<\/a><\/p><\/p>\n<p style=\"text-align: left;\"><b>Revista Mundo Agro, Registro OMRI.<\/b><\/p>\n<p style=\"text-align: center;\"><img decoding=\"async\" loading=\"lazy\" width=\"767\" height=\"1024\" title=\"\" class=\"aligncenter size-large wp-image-2124\" alt=\"\" src=\"http:\/\/www.nutriprove.cl\/wp-content\/uploads\/2017-02-03-PHOTO-00000015-767x1024.jpg\" src-full=\"http:\/\/www.nutriprove.cl\/wp-content\/uploads\/2017-02-03-PHOTO-00000015.jpg\" src-large=\"http:\/\/www.nutriprove.cl\/wp-content\/uploads\/2017-02-03-PHOTO-00000015-767x1024.jpg\" src-medium=\"http:\/\/www.nutriprove.cl\/wp-content\/uploads\/2017-02-03-PHOTO-00000015-225x300.jpg\" src-thumbnail=\"http:\/\/www.nutriprove.cl\/wp-content\/uploads\/2017-02-03-PHOTO-00000015-150x150.jpg\" srcset=\"https:\/\/www.nutriprove.cl\/wp-content\/uploads\/2017-02-03-PHOTO-00000015-767x1024.jpg 767w, https:\/\/www.nutriprove.cl\/wp-content\/uploads\/2017-02-03-PHOTO-00000015-225x300.jpg 225w, https:\/\/www.nutriprove.cl\/wp-content\/uploads\/2017-02-03-PHOTO-00000015-768x1025.jpg 768w, https:\/\/www.nutriprove.cl\/wp-content\/uploads\/2017-02-03-PHOTO-00000015.jpg 959w\" sizes=\"(max-width: 767px) 100vw, 767px\" \/><\/p>\n<p style=\"text-align: center;\">&nbsp;<\/p>\n<p style=\"text-align: left;\"><b>Peri\u00f3dico&nbsp;\u201cLas \u00daltimas Noticias\u201d, 31 Diciembre 2016: Crackguard.<\/b><\/p>\n<p style=\"text-align: center;\"><iframe src=\"\/\/docs.google.com\/viewer?url=http%3A%2F%2Fwww.nutriprove.cl%2Fwp-content%2Fuploads%2Fcrackguard-uva-LUN.pdf&hl=es&embedded=true\" class=\"gde-frame\" style=\"width:100%; height:500px; border: none;\" scrolling=\"no\"><\/iframe>\n<p class=\"gde-text\"><a href=\"http:\/\/www.nutriprove.cl\/wp-content\/uploads\/crackguard-uva-LUN.pdf\" class=\"gde-link\">Descargar (PDF, Desconocido)<\/a><\/p><\/p>\n<p style=\"text-align: left;\"><b>Revista Fruticultura, Enero 2017: Crackguard &#8211; Susto de Fin se A\u00f1o.<\/b><\/p>\n<p style=\"text-align: center;\"><iframe src=\"\/\/docs.google.com\/viewer?url=http%3A%2F%2Fwww.nutriprove.cl%2Fwp-content%2Fuploads%2Flluvia-de-diciembre-uva-de-mesa.pdf&hl=es&embedded=true\" class=\"gde-frame\" style=\"width:100%; height:500px; border: none;\" scrolling=\"no\"><\/iframe>\n<p class=\"gde-text\"><a href=\"http:\/\/www.nutriprove.cl\/wp-content\/uploads\/lluvia-de-diciembre-uva-de-mesa.pdf\" class=\"gde-link\">Descargar (PDF, Desconocido)<\/a><\/p><\/p>\n<p style=\"text-align: left;\"><strong>Revista Fruticultura, Julio&nbsp;2016: Crackguard.<\/strong><\/p>\n<p style=\"text-align: center;\"><iframe src=\"\/\/docs.google.com\/viewer?url=http%3A%2F%2Fwww.nutriprove.cl%2Fwp-content%2Fuploads%2Fcrackguard-fruticultura.pdf&hl=es&embedded=true\" class=\"gde-frame\" style=\"width:100%; height:500px; border: none;\" scrolling=\"no\"><\/iframe>\n<p class=\"gde-text\"><a href=\"http:\/\/www.nutriprove.cl\/wp-content\/uploads\/crackguard-fruticultura.pdf\" class=\"gde-link\">Descargar (PDF, Desconocido)<\/a><\/p><\/p>\n<p style=\"text-align: left;\"><strong>Revista Red Agricola, Junio&nbsp;2016: Crackguard.<\/strong><\/p>\n<p style=\"text-align: center;\"><iframe src=\"\/\/docs.google.com\/viewer?url=http%3A%2F%2Fwww.nutriprove.cl%2Fwp-content%2Fuploads%2Fcrackguard-de-ch.pdf&hl=es&embedded=true\" class=\"gde-frame\" style=\"width:100%; height:500px; border: none;\" scrolling=\"no\"><\/iframe>\n<p class=\"gde-text\"><a href=\"http:\/\/www.nutriprove.cl\/wp-content\/uploads\/crackguard-de-ch.pdf\" class=\"gde-link\">Descargar (PDF, Desconocido)<\/a><\/p><\/p>\n<p style=\"text-align: left;\"><strong>Peri\u00f3dico&nbsp;&#8220;Las \u00daltimas Noticias&#8221;, Enero&nbsp;2016.<br \/>\n<\/strong><\/p>\n<p style=\"text-align: left;\"><img decoding=\"async\" loading=\"lazy\" width=\"804\" height=\"1024\" title=\"\" class=\"aligncenter size-large wp-image-1924\" alt=\"1\" src=\"http:\/\/www.nutriprove.cl\/wp-content\/uploads\/1-804x1024.jpg\" srcset=\"https:\/\/www.nutriprove.cl\/wp-content\/uploads\/1-804x1024.jpg 804w, https:\/\/www.nutriprove.cl\/wp-content\/uploads\/1-236x300.jpg 236w, https:\/\/www.nutriprove.cl\/wp-content\/uploads\/1-768x978.jpg 768w, https:\/\/www.nutriprove.cl\/wp-content\/uploads\/1.jpg 1066w\" sizes=\"(max-width: 804px) 100vw, 804px\" \/><\/p>\n<p style=\"text-align: left;\"><strong>Revista Mundo Agro, Premio Innovaci\u00f3n, Noviembre&nbsp;2014.<\/strong><\/p>\n<p style=\"text-align: center;\"><img decoding=\"async\" loading=\"lazy\" width=\"934\" height=\"1300\" title=\"\" class=\"alignnone size-full wp-image-1469\" alt=\"premio-innovacion-mundoagro\" src=\"http:\/\/www.nutriprove.cl\/wp-content\/uploads\/premio-innovacion-mundoagro-001.jpg\" srcset=\"https:\/\/www.nutriprove.cl\/wp-content\/uploads\/premio-innovacion-mundoagro-001.jpg 934w, https:\/\/www.nutriprove.cl\/wp-content\/uploads\/premio-innovacion-mundoagro-001-215x300.jpg 215w, https:\/\/www.nutriprove.cl\/wp-content\/uploads\/premio-innovacion-mundoagro-001-735x1024.jpg 735w\" sizes=\"(max-width: 934px) 100vw, 934px\" \/><\/p>\n<p style=\"text-align: left;\"><strong>Revista Mundo Agro, lanzamiento&nbsp;Suncrops, Noviembre&nbsp;2014.<\/strong><\/p>\n<p style=\"text-align: center;\"><img decoding=\"async\" loading=\"lazy\" width=\"925\" height=\"1300\" title=\"\" class=\"alignnone size-full wp-image-1468\" alt=\"lanzamiento-suncrops\" src=\"http:\/\/www.nutriprove.cl\/wp-content\/uploads\/lanzamiento-suncrops-lus-001.jpg\" srcset=\"https:\/\/www.nutriprove.cl\/wp-content\/uploads\/lanzamiento-suncrops-lus-001.jpg 925w, https:\/\/www.nutriprove.cl\/wp-content\/uploads\/lanzamiento-suncrops-lus-001-213x300.jpg 213w, https:\/\/www.nutriprove.cl\/wp-content\/uploads\/lanzamiento-suncrops-lus-001-728x1024.jpg 728w\" sizes=\"(max-width: 925px) 100vw, 925px\" \/><\/p>\n<p><strong>Revista Mundo Agro #57 Agosto 2014.<\/strong><iframe src=\"\/\/docs.google.com\/viewer?url=http%3A%2F%2Fwww.nutriprove.cl%2Fwp-content%2Fuploads%2FMundo-Agricola-57-Agosto.pdf&hl=es&embedded=true\" class=\"gde-frame\" style=\"width:100%; height:500px; border: none;\" scrolling=\"no\"><\/iframe>\n<p class=\"gde-text\"><a href=\"http:\/\/www.nutriprove.cl\/wp-content\/uploads\/Mundo-Agricola-57-Agosto.pdf\" class=\"gde-link\">Descargar (PDF, Desconocido)<\/a><\/p><\/p>\n<p><strong>Revista Mundo Agro #56 Julio&nbsp;2014.<\/strong><iframe src=\"\/\/docs.google.com\/viewer?url=http%3A%2F%2Fwww.nutriprove.cl%2Fwp-content%2Fuploads%2FMundo-Agricola-56-Julio.pdf&hl=es&embedded=true\" class=\"gde-frame\" style=\"width:100%; height:500px; border: none;\" scrolling=\"no\"><\/iframe>\n<p class=\"gde-text\"><a href=\"http:\/\/www.nutriprove.cl\/wp-content\/uploads\/Mundo-Agricola-56-Julio.pdf\" class=\"gde-link\">Descargar (PDF, Desconocido)<\/a><\/p><\/p>\n<p style=\"text-align: left;\"><strong>SUNCROPS en&nbsp;Revista Tree Fruit de Asutralia, Junio&nbsp;2014.<\/strong><iframe src=\"\/\/docs.google.com\/viewer?url=http%3A%2F%2Fwww.nutriprove.cl%2Fwp-content%2Fuploads%2Ftreefruit-june-2014.pdf&hl=es&embedded=true\" class=\"gde-frame\" style=\"width:100%; height:500px; border: none;\" scrolling=\"no\"><\/iframe>\n<p class=\"gde-text\"><a href=\"http:\/\/www.nutriprove.cl\/wp-content\/uploads\/treefruit-june-2014.pdf\" class=\"gde-link\">Descargar (PDF, Desconocido)<\/a><\/p><\/p>\n<p style=\"text-align: left;\"><strong>Revista GTT (Vanguardia y&nbsp;Tecnolog\u00eda), Junio&nbsp;2014.<\/strong><\/p>\n<p style=\"text-align: center;\"><iframe src=\"\/\/docs.google.com\/viewer?url=http%3A%2F%2Fwww.nutriprove.cl%2Fwp-content%2Fuploads%2FNUTRIPROVE.pdf&hl=es&embedded=true\" class=\"gde-frame\" style=\"width:100%; height:500px; border: none;\" scrolling=\"no\"><\/iframe>\n<p class=\"gde-text\"><a href=\"http:\/\/www.nutriprove.cl\/wp-content\/uploads\/NUTRIPROVE.pdf\" class=\"gde-link\">Descargar (PDF, Desconocido)<\/a><\/p><\/p>\n<p><strong>Nutriprove en&nbsp;peri\u00f3dico&nbsp;&#8220;Las Ultimas Noticias&#8221;, Marzo&nbsp;2014. <\/strong><iframe src=\"\/\/docs.google.com\/viewer?url=http%3A%2F%2Fwww.nutriprove.cl%2Fwp-content%2Fuploads%2FNutriprove-las-ultimas-noticias.pdf&hl=es&embedded=true\" class=\"gde-frame\" style=\"width:100%; height:500px; border: none;\" scrolling=\"no\"><\/iframe>\n<p class=\"gde-text\"><a href=\"http:\/\/www.nutriprove.cl\/wp-content\/uploads\/Nutriprove-las-ultimas-noticias.pdf\" class=\"gde-link\">Descargar (PDF, Desconocido)<\/a><\/p><\/p>\n<p><strong>SUNCROPS y&nbsp;OASIS en&nbsp;Revista del Campo, Enero&nbsp;2014.<\/strong><iframe src=\"\/\/docs.google.com\/viewer?url=http%3A%2F%2Fwww.nutriprove.cl%2Fwp-content%2Fuploads%2FSUNCROPS-OASIS-REVISTA-DEL-CAMPO.pdf&hl=es&embedded=true\" class=\"gde-frame\" style=\"width:100%; height:500px; border: none;\" scrolling=\"no\"><\/iframe>\n<p class=\"gde-text\"><a href=\"http:\/\/www.nutriprove.cl\/wp-content\/uploads\/SUNCROPS-OASIS-REVISTA-DEL-CAMPO.pdf\" class=\"gde-link\">Descargar (PDF, Desconocido)<\/a><\/p><\/p>\n<p><strong>Revista Mundo Agro.<\/strong><\/p>\n<p><a href=\"http:\/\/www.nutriprove.cl\/wp-content\/uploads\/70.jpg\"><img decoding=\"async\" loading=\"lazy\" width=\"650\" height=\"867\" class=\"aligncenter wp-image-1095\" alt=\"70\" src=\"http:\/\/www.nutriprove.cl\/wp-content\/uploads\/70-767x1024.jpg\" srcset=\"https:\/\/www.nutriprove.cl\/wp-content\/uploads\/70-767x1024.jpg 767w, https:\/\/www.nutriprove.cl\/wp-content\/uploads\/70-224x300.jpg 224w, https:\/\/www.nutriprove.cl\/wp-content\/uploads\/70.jpg 1217w\" sizes=\"(max-width: 650px) 100vw, 650px\" \/><\/a><\/p>\n<p><strong>SUNCROPS en&nbsp;Revista Red Agr\u00edcola, Julio&nbsp;2012.<br \/>\n<\/strong><\/p>\n<p style=\"text-align: center;\"><iframe src=\"\/\/docs.google.com\/viewer?url=http%3A%2F%2Fwww.nutriprove.cl%2Fwp-content%2Fuploads%2FArt%C3%ADculo-Suncrops.pdf&hl=es&embedded=true\" class=\"gde-frame\" style=\"width:100%; height:500px; border: none;\" scrolling=\"no\"><\/iframe>\n<p class=\"gde-text\"><a href=\"http:\/\/www.nutriprove.cl\/wp-content\/uploads\/Art\u00edculo-Suncrops.pdf\" class=\"gde-link\">Descargar (PDF, Desconocido)<\/a><\/p><\/p>\n","protected":false},"excerpt":{"rendered":"<p>Revista Fruticultura, Julio&nbsp;2017: Certeza. Revista Mundo Agro, Registro OMRI. &nbsp; Peri\u00f3dico&nbsp;\u201cLas \u00daltimas Noticias\u201d, 31 Diciembre 2016: Crackguard. Revista Fruticultura, Enero 2017: Crackguard &#8211; Susto de Fin se A\u00f1o. Revista Fruticultura, Julio&nbsp;2016: Crackguard. Revista Red Agricola, Junio&nbsp;2016: Crackguard. Peri\u00f3dico&nbsp;&#8220;Las \u00daltimas Noticias&#8221;, &hellip; <a href=\"https:\/\/www.nutriprove.cl\/?page_id=1069\">Continue reading <span class=\"meta-nav\">&rarr;<\/span><\/a><\/p>\n","protected":false},"author":2,"featured_media":0,"parent":0,"menu_order":17,"comment_status":"open","ping_status":"open","template":"onecolumn-page.php","meta":{"ngg_post_thumbnail":0,"footnotes":""},"_links":{"self":[{"href":"https:\/\/www.nutriprove.cl\/index.php?rest_route=\/wp\/v2\/pages\/1069"}],"collection":[{"href":"https:\/\/www.nutriprove.cl\/index.php?rest_route=\/wp\/v2\/pages"}],"about":[{"href":"https:\/\/www.nutriprove.cl\/index.php?rest_route=\/wp\/v2\/types\/page"}],"author":[{"embeddable":true,"href":"https:\/\/www.nutriprove.cl\/index.php?rest_route=\/wp\/v2\/users\/2"}],"replies":[{"embeddable":true,"href":"https:\/\/www.nutriprove.cl\/index.php?rest_route=%2Fwp%2Fv2%2Fcomments&post=1069"}],"version-history":[{"count":13,"href":"https:\/\/www.nutriprove.cl\/index.php?rest_route=\/wp\/v2\/pages\/1069\/revisions"}],"predecessor-version":[{"id":2175,"href":"https:\/\/www.nutriprove.cl\/index.php?rest_route=\/wp\/v2\/pages\/1069\/revisions\/2175"}],"wp:attachment":[{"href":"https:\/\/www.nutriprove.cl\/index.php?rest_route=%2Fwp%2Fv2%2Fmedia&parent=1069"}],"curies":[{"name":"wp","href":"https:\/\/api.w.org\/{rel}","templated":true}]}}